{"id":3516,"date":"2025-07-14T10:19:00","date_gmt":"2025-07-14T15:19:00","guid":{"rendered":"https:\/\/wordpress.rextie.net\/?page_id=3516"},"modified":"2025-07-14T10:20:31","modified_gmt":"2025-07-14T15:20:31","slug":"sorteo-de-la-semana","status":"publish","type":"page","link":"https:\/\/wordpress.rextie.net\/?page_id=3516","title":{"rendered":"\u00a1Sorteo de la Semana!"},"content":{"rendered":"<p><strong>T\u00e9rminos y condiciones para ganar:\u00a0<\/strong><\/p>\n<ul>\n<li>Campa\u00f1a exclusiva para <strong>clientes registrados bajo el perfil de empresa y personas<\/strong><\/li>\n<li>El usuario participar\u00e1 de<strong> manera autom\u00e1tica al usar el cup\u00f3n PIZZARX.<\/strong><\/li>\n<li>La campa\u00f1a tendr\u00e1 un total de 3 ganadores<\/li>\n<li>Campa\u00f1a tendr\u00e1 <strong>vigencia hasta el 19 de Julio<\/strong> del 2025.<\/li>\n<\/ul>\n<p>&nbsp;<\/p>\n<p><b>Informaci\u00f3n sobre el vale de consumo:<\/b><\/p>\n<ul>\n<li>El Vale de consumo comprende una pizza personal + gaseosa personal + 3 palitos a la siciliana.<\/li>\n<li>Para canjear el producto es necesario mostrar el vale digital que incluye en c\u00f3digo \u00fanico visible.<\/li>\n<li>V\u00e1lido para cualquier Pizza Hut a nivel nacional.<\/li>\n<\/ul>\n","protected":false},"excerpt":{"rendered":"<p>T\u00e9rminos y condiciones para ganar:\u00a0 Campa\u00f1a exclusiva para clientes registrados bajo el perfil de empresa y personas El usuario participar\u00e1 de manera autom\u00e1tica al usar el cup\u00f3n PIZZARX. La campa\u00f1a tendr\u00e1 un total de 3 ganadores Campa\u00f1a tendr\u00e1 vigencia hasta el 19 de Julio del 2025. &nbsp; Informaci\u00f3n sobre el vale de consumo: El Vale [&hellip;]<\/p>\n","protected":false},"author":2,"featured_media":0,"parent":0,"menu_order":0,"comment_status":"closed","ping_status":"closed","template":"","meta":{"footnotes":""},"class_list":["post-3516","page","type-page","status-publish","hentry"],"acf":{"is_terms_and_conditions_page":true,"theme":"cotizador","background_image":false,"background_image_mobile":false,"main_title_first":"","main_title_second":"","second_text":"","coupon":"","terms_and_conditions":"","social_comments":false,"meta_keywords":"","meta_description":"","meta_title":"","meta_image":false},"_links":{"self":[{"href":"https:\/\/wordpress.rextie.net\/index.php?rest_route=\/wp\/v2\/pages\/3516","targetHints":{"allow":["GET"]}}],"collection":[{"href":"https:\/\/wordpress.rextie.net\/index.php?rest_route=\/wp\/v2\/pages"}],"about":[{"href":"https:\/\/wordpress.rextie.net\/index.php?rest_route=\/wp\/v2\/types\/page"}],"author":[{"embeddable":true,"href":"https:\/\/wordpress.rextie.net\/index.php?rest_route=\/wp\/v2\/users\/2"}],"replies":[{"embeddable":true,"href":"https:\/\/wordpress.rextie.net\/index.php?rest_route=%2Fwp%2Fv2%2Fcomments&post=3516"}],"version-history":[{"count":0,"href":"https:\/\/wordpress.rextie.net\/index.php?rest_route=\/wp\/v2\/pages\/3516\/revisions"}],"wp:attachment":[{"href":"https:\/\/wordpress.rextie.net\/index.php?rest_route=%2Fwp%2Fv2%2Fmedia&parent=3516"}],"curies":[{"name":"wp","href":"https:\/\/api.w.org\/{rel}","templated":true}]}}